s the highest common factor of 80 and u?
16
Let c(b) = -2*b**2 - 12*b - 12. Let n be c(-8). Let v = n + 68. Let r be (-52)/(-65)*(v - -1). What is the highest common factor of r and 50?
10
Let q = -141 - -99. Let w = q - -108. Suppose -3*k + w = -0*k. Calculate the highest common divisor of 198 and k.
22
Let s(u) = u**2 + 15*u + 38. Let l be s(-19). Let x = 204 - l. What is the highest common divisor of 10 and x?
10
Let m(y) = -2*y**2 + 10*y + 2. Let j be m(5). Let b be j/((56/12)/7). Let l be (-188)/(-12) + 1/b. Calculate the highest common divisor of 2 and l.
2
Suppose 3*r + 2*r = 505. Let q = r + -16. Suppose -5*k + 10 = -75. Calculate the highest common factor of q and k.
17
Suppose -3*h + 13 = -47. Let a(b) = b**2 - 4*b - 5. Let y be a(4). Let k(n) = -n - 1. Let o be k(y). What is the greatest common divisor of o and h?
4
Let j(c) be the first derivative of -c**4/4 - 3*c**3 - 9*c**2/2 - 7*c - 2. Let m be j(-8). Let o = -492 + 494. What is the greatest common factor of o and m?
1
Suppose 0*u + u = 2*r - 63, 0 = -4*r - 3*u + 131. Calculate the greatest common divisor of 432 and r.
16
Let z = -49 + 184. Let g(s) = -2*s**2 + 23*s + 4. Let o be g(11). Calculate the greatest common divisor of z and o.
15
Suppose -3*a - 105 = -0*b - 5*b, -3*b + 2*a + 64 = 0. Let w be (2/6)/((-6)/b). Let f be 8 - ((w - 1) + 0). Calculate the highest common factor of f and 50.
10
Let w(g) = g**3 - 8*g**2 - 25. Let i be w(9). What is the highest common divisor of i and 16?
8
Let l be 1 - (-1306 - 5) - 0. Calculate the greatest common divisor of l and 82.
82
Let q(h) = -h**3 - h - 10. Let x(v) = -v + 4. Let k be x(4). Let w be q(k). Let o = 14 + w. Calculate the highest common divisor of o and 32.
4
Suppose -241*k = -244*k + 27. Calculate the highest common divisor of k and 1.
1
Let u = -37 + 39. Suppose 0*t - 3*j = 4*t - 930, 3*j + 456 = u*t. What is the highest common factor of t and 21?
21
Let f = -23 - -63. Suppose -f = -8*w + 3*w. Calculate the highest common divisor of w and 88.
8
Let k = -268 + 188. Let s be (-16)/5*k/32. Suppose -39 - 42 = -3*m + 3*i, -4*m + 87 = 3*i. What is the greatest common factor of m and s?
8
Suppose 4*f + 25 = 3*x, 13*x = 11*x + 3*f + 15. What is the highest common factor of x and 450?
15
Let a = -4 + 8. Suppose a*t = -63 + 155. Let b = 8029 - 7845. What is the greatest common factor of b and t?
23
Let s(m) = -m**3 - 6*m**2 - 2*m - 1. Let g be (-2)/(-7) + (-132)/21. Let p be s(g). Suppose -8*y = -596 - 196. What is the greatest common factor of p and y?
11
Let i be -110*(27/(-6) + 4). Suppose -i = 2*s - 3*s. What is the highest common divisor of 5 and s?
5
Let w(g) = g**2 + 2*g + 1. Let q be w(0). Let o = -4 - -6. Let h be 1 - (1 + 1 - o). What is the greatest common factor of q and h?
1
Suppose -8*w + 6 = -6*w. Let g be 6/3 - (w + 1). Let o(r) = 21*r**2 + 3*r + 2. Let v be o(g). What is the highest common factor of 32 and v?
16
Let u(d) = d**2 - 2*d - 14. Let k be u(8). Suppose -36 - k = -r. What is the highest common divisor of 105 and r?
35
Suppose 5*s - 3*j - 5 = 32, j + 7 = s. Calculate the greatest common divisor of 1 and s.
1
Suppose 14*i + 408 = 26*i. Calculate the greatest common divisor of i and 238.
34
Let j(q) = q**3 + 14*q**2 - 10*q - 7. Let k = 124 - 138. Let g be j(k). Calculate the greatest common factor of g and 19.
19
Let d = -12 - -32. Let o be -55*(64/20)/4. Let z = 49 + o. What is the highest common divisor of z and d?
5
Suppose 64*p - 87318 = -17*p. Calculate the highest common divisor of 196 and p.
98
Let q be 48639/33 - (-38)/418. What is the highest common factor of 11 and q?
11
Let u = 27 - 41. Let r = u + 6. Let c be (-2 + 6)/r*-98. Calculate the greatest common factor of c and 7.
7
Let w = 191 - 186. Calculate the greatest common divisor of 5 and w.
5
Suppose 11*v - 4*v - 280 = 0. Let q = v - 33. What is the highest common factor of q and 1?
1
Let r = 163 + -82. Let a = r + 7. What is the highest common factor of 4 and a?
4
Let w be (-2)/(-3) - (-16)/3. Suppose 2*m - 36 = -4*p, 0 = 3*p - 5*p. Calculate the greatest common factor of w and m.
6
Let p = 1319 + -911. Calculate the greatest common divisor of 1088 and p.
136
Let v = 6162 - 6160. Let t = 54 + -28. Calculate the highest common divisor of v and t.
2
Let t(r) = 8*r + 6. Let o be t(3). Calculate the highest common divisor of o and 18.
6
Suppose -9 = n - 2*n. Let h(q) = q**3 - 15*q**2 + 6*q - 22. Let y be h(15). Let t be (51/y)/(2/24). What is the highest common factor of n and t?
9
Let b be (1/(-2))/((-11)/(-264)). Let g be 21 - (5 + b/3). Calculate the greatest common factor of g and 180.
20
Suppose 6*r + 286 + 218 = 0. Let m = -66 - r. Let y be 2/(-6) + 272/6. Calculate the greatest common factor of m and y.
9
Let r(x) = 5*x + 280. Let f be r(0). Let o be 210/(-9)*(-6)/4. Calculate the highest common factor of o and f.
35
Suppose 0*j + 4*j - 84 = 0. Suppose -26*u + 31*u = -20. Let k = 46 + u. Calculate the greatest common factor of j and k.
21
Suppose m - 19 = 1. Let x be (-1)/(-5) - -3*(-7168)/(-105). Suppose 3*q - x = 5*a, a + 2*a + 75 = q. Calculate the greatest common factor of q and m.
20
Let t = 79 + -82. Let v be 1/(t + 136/44). Calculate the highest common divisor of v and 121.
11
Let l be (-2)/6 + 14329/84*4. Calculate the highest common divisor of l and 22.
22
Let z be (-1)/(-3) - (-483)/9. Let i(g) = g**3 - 10*g**2 + 18*g + 11. Let n be i(8). Calculate the greatest common divisor of n and z.
27
Let b = 17 - 14. Let a(g) = -g**2 - 27*g - 39. Let h be a(-24). Calculate the greatest common factor of h and b.
3
Let s = 130 - 36. Let j = s - 74. Calculate the highest common divisor of 20 and j.
20
Suppose -3*n = -4*k + 9, 11*k - 7*k - 8 = 4*n. Calculate the greatest common divisor of 21 and k.
3
Let c be 5/50 - 37995/(-50). What is the highest common divisor of c and 160?
40
Let x be -18*((-7)/(-42) - 4/6). Let h be -2*-1*(0 - -1). Let f be (1/(-3))/(h/(-18)). What is the greatest common divisor of x and f?
3
Let z(x) = 2*x**2 + 11 - 5 - 6*x - 2 + 2*x. Let u be z(2). Calculate the highest common factor of 4 and u.
4
Let v = -297 + 303. Calculate the greatest common divisor of 57 and v.
3
Let u = 113 - 81. Let q = u + 0. Calculate the highest common divisor of 40 and q.
8
Let a(r) be the first derivative of r**4/4 + 7*r**3/3 - 2*r**2 - 4*r + 1. Let z be a(-7). Let q = z + -5. Calculate the greatest common divisor of 19 and q.
19
Suppose -16*q = -13*q. Suppose 5*j = -q*j + 300. What is the greatest common factor of j and 10?
10
Suppose 0 = -2*y - 7*y + 4050. What is the highest common divisor of y and 10?
10
Let a = -375 + 463. What is the greatest common divisor of a and 22?
22
Let u = -2864 + 3029. Suppose 4*i - 5*i = -66. What is the greatest common divisor of u and i?
33
Let x = -14 - -13. Let g(m) = -26*m - 1. Let f be g(x). Suppose -23*q = -18*q - f. Calculate the highest common factor of q and 2.
1
Suppose 1268*q + 3822 = 1281*q. Calculate the greatest common factor of q and 42.
42
Suppose 3*l + 100 = 1234. What is the greatest common divisor of l and 14?
14
Let v be (372/10)/((-36)/(-60)). Calculate the highest common factor of 1891 and v.
31
Let m be 12/(-18) + 26/3. What is the greatest common divisor of 296 and m?
8
Let h(v) = 10*v + 35. Let a be h(-3). Let w(l) = l**2 - 2*l - 4. Let u be w(4). Suppose -m - u*m = -25. What is the greatest common factor of a and m?
5
Let z = -16 + 16. Suppose 0 = -z*s + 3*s - 12, 2*s - 77 = -3*a. What is the highest common divisor of a and 23?
23
Let i = -321 - -801. Calculate the greatest common factor of 60 and i.
60
Let b(h) = 42*h**2 - 4*h + 2. Let z be b(1). What is the greatest common factor of 100 and z?
20
Suppose y + 0 = 4. Let g be 2/y - 169/(-26). Calculate the highest common divisor of 14 and g.
7
Suppose 124 = 5*m + 2*g - 4*g, m - 11 = 5*g. Let o = -19 + m. Let b be (-56)/((3 - 2)/(-1)). What is the greatest common divisor of b and o?
7
Let p = 6 + 140. Suppose 5*i - p = 124. Suppose 20 + 34 = 3*x. Calculate the highest common divisor of i and x.
18
Let l = 19 + -13. Suppose l*b - 1 = 215. What is the highest common factor of 396 and b?
36
Let w = -299 - -641. Calculate the greatest common divisor of 54 and w.
18
Suppose 70*i - 528 = 37*i. What is the highest common divisor of i and 